ctor of i and p.
8
Let u(b) = -12*b - 6. Let k be u(-3). Suppose -5*o - 4*o = -36. Suppose 0 = o*g - 455 - 505. What is the greatest common divisor of g and k?
30
Suppose 0 = -2*t + 4*f + 1308, 0 = -3*t - 2*f + 1146 + 792. What is the highest common factor of 72 and t?
72
Let h(g) = 18*g - 47. Let a be h(20). Let k = 157 + a. Suppose 0 = -4*n + 6*l - 8*l + k, 4*l = 2*n - 260. Calculate the highest common factor of n and 15.
15
Let x = -3282 + 6434. What is the highest common divisor of x and 591?
197
Let p(f) = -f**3 - 12*f**2 - 17*f + 30. Let q be p(-10). Suppose q = -7*n + 22 + 27. What is the highest common divisor of 133 and n?
7
Let y be 2*-2*(60 + -61). What is the greatest common divisor of 3360 and y?
4
Let g(x) = x**3 + 33*x**2 + 176*x - 128. Let i be g(-26). Let o(c) = -c + 1 + 3 - 3 + 4*c. Let n be o(1). What is the greatest common factor of i and n?
4
Let f(d) = 3*d**3 + 2*d**2 - d. Let s be f(3). Let h(n) = -2*n**3 - 4*n**2 - 3*n + 9. Let r be h(-3). What is the greatest common divisor of s and r?
12
Let w(v) = 2*v**3 - 12*v**2 + 6*v. Suppose -30 = 2*g - 42. Let q be w(g). Let z = -49 - -103. Calculate the greatest common factor of z and q.
18
Suppose 11*c + 3 = 58. Suppose -2*p - 115 = -5*p + 4*u, -p + c*u = -20. Calculate the greatest common factor of 45 and p.
45
Suppose -z - 2*z + 4*b + 469 = 0, 0 = 2*z + 3*b - 307. Suppose 147*o = z*o - 472. What is the highest common divisor of o and 177?
59
Let y be 146 - 3*(-2)/(-3). What is the highest common divisor of y and 1188?
36
Suppose -33*o = -35*o + 156. Suppose 0 = 2*d + 286 - 514. Let l = d - o. Calculate the highest common divisor of l and 27.
9
Suppose 5*s + 4*z - 79 = 19, -z - 25 = -s. Let c = 44 - s. Let d = c - 12. Calculate the highest common divisor of d and 4.
2
Let x(n) be the second derivative of 8*n**2 - 25/6*n**3 - 1/20*n**5 + 5/4*n**4 - 25*n + 0. Let g be x(11). What is the highest common divisor of g and 25?
25
Let q be ((-6438)/185 + (-2)/10)*322/(-1). Calculate the greatest common factor of 460 and q.
230
Let q = 139 - 15. What is the highest common divisor of q and 3286?
62
Let z(b) = 2*b - 4. Let w be z(4). Let n be 2 + 14 + -2 + w/(-2). Let x be (-3)/(-2) + 2226/n. What is the highest common divisor of x and 17?
17
Suppose -t - 3*l = -3, -37 = 25*t - 30*t - 4*l. Suppose 0*q - 2*q + 90 = 0. What is the greatest common divisor of t and q?
9
Suppose -231 = -241*z + 240*z - 10*p, -4*z - 3*p + 1146 = 0. What is the greatest common divisor of 5917 and z?
97
Let h = -4778 - -4882. Calculate the highest common divisor of h and 1808.
8
Let o be (5 + -1)*6831/22. Calculate the greatest common divisor of 162 and o.
54
Suppose 71*g + 5040 = 78*g. Let p = g + -558. What is the highest common divisor of p and 6?
6
Suppose 23 - 38 = o - 25. Let z = 1020 - 590. Calculate the greatest common factor of z and o.
10
Let r = 51 + -29. Let c(t) = -23*t**3 + 17*t**2 + 28*t + 10. Let n be c(-1). Calculate the highest common divisor of r and n.
22
Let j be ((-27)/2 - 0)*(119629/(-93) - -23). Calculate the highest common factor of j and 15.
15
Let t(r) = -139*r - 100. Let w be t(-5). What is the highest common factor of w and 35?
35
Suppose 380 = 3*w + 2*s, 0*w - 4*w - 5*s = -502. Suppose 0 = -29*b + 37*b - w. What is the highest common divisor of b and 144?
16
Suppose -3*y + 505 = -1277. Suppose y + 638 = 4*z. Suppose -n - l + 4*l + z = 0, 4*n - l = 1276. What is the highest common factor of 40 and n?
40
Suppose 5*k - 11785 = -4*s, 18*s - 17*s + 3*k - 2955 = 0. What is the greatest common factor of 60 and s?
60
Let u = 1234 - 612. Let o = 710 - u. Let a be -2*2/4*-11. What is the highest common factor of a and o?
11
Suppose -306 = 5*p + p. Let x be (34/p)/(2/(-48)). Let y = -55 - -57. Calculate the greatest common factor of y and x.
2
Let h(r) be the second derivative of 13/2*r**2 + 0 + 1/6*r**3 + 11*r. Let i be h(11). Calculate the highest common divisor of i and 8.
8
Suppose 10750 + 16122 = 151*v + 6789. Calculate the highest common divisor of v and 6327.
19
Let u(s) = s**3 + 9*s**2 + 2*s + 11. Let j = 9 - 18. Let r be u(j). Let n be (-51 - r)/(2 + 7/(-3)). Calculate the highest common factor of n and 12.
12
Let n = -34 + 48. Let v be 45 + (-3)/(-3) - (n - 15). Calculate the greatest common factor of v and 517.
47
Let c(p) = -5*p**3 - 90*p**2 - 4*p + 68. Let u be c(-18). What is the greatest common factor of u and 224?
28
Let l(p) = 2*p**2 + 11*p - 3. Let m be l(-9). Suppose -7 = t + m. Let i = t + 68. Calculate the highest common divisor of i and 7.
1
Let w(u) = u**3 + 44*u**2 - 88*u + 58. Let n be w(-46). Let v be n/(-56)*(2 - -2). Calculate the greatest common divisor of 549 and v.
9
Let s be ((-616)/(-66))/((-4)/(-570)). What is the greatest common factor of s and 98?
14
Suppose 248*u = 261*u - 1040. Calculate the highest common divisor of u and 150.
10
Let y be ((-12)/30 - -2)/((-267)/270 - -1). Calculate the greatest common divisor of y and 279.
9
Let d be (-12)/192 + (-2178)/(-32). Calculate the highest common divisor of d and 4250.
34
Let w(s) = 5*s - 3 - 5 - 12 + 2*s**2 - 15. Suppose 2*r - 4*a = 26, 2*r - r + 5 = -4*a. Let x be w(r). What is the greatest common divisor of 14 and x?
14
Suppose 3*q + 598 = 3*o + 4, 0 = -o + 5*q + 206. Let d = o - 176. Calculate the greatest common factor of d and 220.
20
Let r be 0/(-2) - (-12 + 9). Suppose n + 2 = -3*q, -q - r*n = 4*q + 6. Let x be (-1 - q)*3/(-3). Calculate the greatest common divisor of 1 and x.
1
Let v be (-3)/((120/25)/8)*-16. Calculate the highest common factor of 420 and v.
20
Suppose -24*v = -36*v - 74*v + 251206. What is the greatest common divisor of v and 1397?
127
Suppose -250381 = -397*y - 69349. Calculate the highest common divisor of y and 4636.
76
Let w be (-22968)/(-165) - 36/(-45). What is the highest common divisor of w and 880?
20
Suppose -28*d + 8 = -26*d. Suppose 0 = 2*m - 44 + d. Calculate the highest common factor of m and 460.
20
Let l = 11197 - 11194. Calculate the highest common divisor of 771 and l.
3
Let m be ((-3)/4)/(51/136). Let d be (51/34)/(m/(-16)). Let p(u) = -u + 1. Let f be p(-5). What is the highest common factor of d and f?
6
Let d = -19384 - -19411. Let f be 2/(-14) - 16/(-14). Let g be f/2 + (-2586)/(-12). Calculate the greatest common factor of d and g.
27
Let w be 28/(-126)*(-9)/(-33) + 8736/396. Let i = 0 + 2. Calculate the highest common divisor of w and i.
2
Let q be ((-1974747)/(-838))/(2/8). Calculate the highest common divisor of 6 and q.
6
Let g = 363 + -347. Let t be (-4)/((-36)/5177) - g/72. What is the highest common divisor of 23 and t?
23
Let b be -7 - (9/6)/((-12)/16488). What is the highest common divisor of b and 632?
158
Let l(d) = -d**2 + 5. Let c(q) = -q**2 - 6*q. Let h be c(-6). Let a be l(h). Suppose -36 = -a*t + 84. What is the highest common divisor of 60 and t?
12
Let v(c) = c**3 + 12*c**2 - 15*c - 28. Let l be v(-13). Let f be -3 - (12*l + 0). What is the highest common factor of f and 273?
21
Let f = -13001 - -13006. Calculate the greatest common divisor of 1195 and f.
5
Let o = 47 - 27. Let h be (-220)/(-15) + 3/9. Suppose -2*v - c + 39 = 0, h*v - 17*v + 37 = 3*c. What is the greatest common factor of o and v?
20
Let a(y) = 5*y**2 - 83*y - 216. Let w be a(19). What is the greatest common factor of 48 and w?
12
Let a = -1277 + 1589. Calculate the highest common divisor of 32 and a.
8
Let s(l) = -20*l - 138. Let r be s(-7). Let f be (13224/(-48))/((-1)/r). What is the greatest common divisor of f and 38?
19
Suppose -5*r - v + 4102 = 0, 0 = 16*r - 21*r + 4*v + 4092. Let o = r - 406. What is the highest common factor of 46 and o?
46
Suppose 212*g - 2685 - 25476 = 63*g. Calculate the highest common divisor of 9639 and g.
189
Suppose 0*w - 31 = -2*w + 5*a, 2*a - 5 = -5*w. Suppose 0 = 6*c + w*c - 360. Calculate the highest common divisor of c and 48.
8
Suppose 16*v = 21*v - 5*o - 210, -150 = -3*v - 3*o. Suppose 2*l = -2*w + 50, w - 3*w + 2*l + v = 0. What is the greatest common divisor of 156 and w?
12
Let p = -497 + 500. Suppose p*d + 132 = 4*d - 4*y, -2*y + 726 = 5*d. Calculate the highest common divisor of 27 and d.
9
Let l(o) = -o**2 - 22*o - 56. Let q be l(-21). Let h(d) = d**3 + 34*d**2 - 34*d + 50. Let f be h(q). Calculate the greatest common factor o